{"id":1771,"date":"2025-08-28T21:44:17","date_gmt":"2025-08-28T19:44:17","guid":{"rendered":"https:\/\/unordnung.net\/misc\/?page_id=1771"},"modified":"2025-09-16T17:21:52","modified_gmt":"2025-09-16T15:21:52","slug":"forschung","status":"publish","type":"page","link":"https:\/\/unordnung.net\/misc\/forschung\/","title":{"rendered":"Forschung"},"content":{"rendered":"\t\t<div data-elementor-type=\"wp-page\" data-elementor-id=\"1771\" class=\"elementor elementor-1771\">\n\t\t\t\t<div class=\"elementor-element elementor-element-bff5d7c e-grid e-con-boxed e-con e-parent\" data-id=\"bff5d7c\" data-element_type=\"container\" data-e-type=\"container\">\n\t\t\t\t\t<div class=\"e-con-inner\">\n\t\t\t\t<div class=\"elementor-element elementor-element-33155f8 elementor-widget elementor-widget-text-editor\" data-id=\"33155f8\" data-element_type=\"widget\" data-e-type=\"widget\" data-widget_type=\"text-editor.default\">\n\t\t\t\t<div class=\"elementor-widget-container\">\n\t\t\t\t\t\t\t\t\t<h3>xciting Update!<br \/>I&#8217;am moving all research and details about my photonic neuromorphic processor to a dedicated page soon. Stay tuned\u2014early insights and behind-the-scenes glimpses will be available exclusively there.<\/h3><h3>Pr\u00e9parez-vous: the future of computation is taking shape, and you can be among the first to see it. The Illuminator Website launch &#8211; soon!<\/h3>\t\t\t\t\t\t\t\t<\/div>\n\t\t\t\t<\/div>\n\t\t\t\t\t\t\t\n\t\t<img class=\"e-image-base e-1f08dee-5ccda23\" \n\t\t\t\t\tdata-interaction-id=\"1f08dee\" \n\t\t \n\t\t \n\t\t\t\t\t\t\t\t\tid=\"2293\"\n\t\t\t\t\t\t\t\t\t\t\t\tsrc=\"https:\/\/unordnung.net\/misc\/wp-content\/uploads\/2025\/09\/illuminator-logo-300x300.png\"\n\t\t\t\t\t\t\t\t\t\t\t\twidth=\"300\"\n\t\t\t\t\t\t\t\t\t\t\t\theight=\"300\"\n\t\t\t\t\t\t\t\t\t\t\t\tsrcset=\"https:\/\/unordnung.net\/misc\/wp-content\/uploads\/2025\/09\/illuminator-logo-300x300.png 300w, https:\/\/unordnung.net\/misc\/wp-content\/uploads\/2025\/09\/illuminator-logo-150x150.png 150w, https:\/\/unordnung.net\/misc\/wp-content\/uploads\/2025\/09\/illuminator-logo-768x768.png 768w, https:\/\/unordnung.net\/misc\/wp-content\/uploads\/2025\/09\/illuminator-logo.png 1024w\"\n\t\t\t\t\t\t\t\t\t\t\t\talt=\"\"\n\t\t\t\t\t\t\/>\n\t\t\t\t\t\t<\/div>\n\t\t\t\t<\/div>\n\t\t\t\t<section class=\"elementor-section elementor-top-section elementor-element elementor-element-19a1223 elementor-section-boxed elementor-section-height-default elementor-section-height-default\" data-id=\"19a1223\" data-element_type=\"section\" data-e-type=\"section\">\n\t\t\t\t\t\t<div class=\"elementor-container elementor-column-gap-default\">\n\t\t\t\t\t<div class=\"elementor-column elementor-col-100 elementor-top-column elementor-element elementor-element-5c70fce\" data-id=\"5c70fce\" data-element_type=\"column\" data-e-type=\"column\">\n\t\t\t<div class=\"elementor-widget-wrap elementor-element-populated\">\n\t\t\t\t\t\t\t<\/div>\n\t\t<\/div>\n\t\t\t\t\t<\/div>\n\t\t<\/section>\n\t\t\t\t<section class=\"elementor-section elementor-top-section elementor-element elementor-element-54173018 elementor-section-boxed elementor-section-height-default elementor-section-height-default\" data-id=\"54173018\" data-element_type=\"section\" data-e-type=\"section\">\n\t\t\t\t\t\t\t<div class=\"elementor-background-overlay\"><\/div>\n\t\t\t\t\t\t\t<div class=\"elementor-container elementor-column-gap-custom\">\n\t\t\t\t\t<div class=\"elementor-column elementor-col-50 elementor-top-column elementor-element elementor-element-1fbe33da\" data-id=\"1fbe33da\" data-element_type=\"column\" data-e-type=\"column\">\n\t\t\t<div class=\"elementor-widget-wrap elementor-element-populated\">\n\t\t\t\t\t\t<div class=\"elementor-element elementor-element-245a6d50 elementor-widget__width-initial elementor-widget elementor-widget-text-editor\" data-id=\"245a6d50\" data-element_type=\"widget\" data-e-type=\"widget\" data-widget_type=\"text-editor.default\">\n\t\t\t\t<div class=\"elementor-widget-container\">\n\t\t\t\t\t\t\t\t\t<h3 dir=\"ltr\"><br \/>Photonischer neuromorpher Prozessor (Patent pending)<\/h3><p dir=\"ltr\">Ich arbeite an dem Konzept eines photonischen neuromorphen Prozessors \u2013 einer energieeffizienten Rechenarchitektur, die sich an den Prinzipien des Gehirns orientiert.<\/p><p dir=\"ltr\">Im Unterschied zu herk\u00f6mmlicher Elektronik nutzt dieses System Licht anstelle von Strom, um Informationen zu \u00fcbertragen und zu verarbeiten. Dadurch wird ein grunds\u00e4tzlich nachhaltigerer Ansatz m\u00f6glich.<\/p><p dir=\"ltr\">M\u00f6gliche Anwendungen reichen von K\u00fcnstlicher Intelligenz \u00fcber Big-Data-Analysen bis hin zu neuen Formen der Schnittstelle zwischen Mensch und Maschine.<\/p><p dir=\"ltr\">Mein Ziel ist der Aufbau eines Prototyps, der zeigt, dass sich photonic computing skalierbar, kosteng\u00fcnstig und umweltfreundlich realisieren l\u00e4sst.<\/p><h3 dir=\"ltr\">Naturstoffbasierte chemisch-pharmazeutische Projekte<\/h3><h4 dir=\"ltr\">GABA-Derivate<\/h4><p dir=\"ltr\">Ich besch\u00e4ftige mich mit der Entwicklung von neuen Substanzen auf Basis von GABA (Gamma-Aminobutters\u00e4ure) und deren Derivaten.<\/p><p dir=\"ltr\">Ziel ist es, Wirkstoffe zu entwerfen, die Einfluss auf das Nervensystem nehmen und m\u00f6glicherweise bei Schmerzzust\u00e4nden oder neuroimmunologischen Erkrankungen unterst\u00fctzend wirken k\u00f6nnen.<\/p><h3 dir=\"ltr\">Naturstoffbasierte Neuromodulatoren<\/h3><p dir=\"ltr\">Untersuchung von Molek\u00fclen aus der Naturstoffchemie (z. B. pflanzliche Terpenoide) als m\u00f6gliche neuroaktive Substanzen mit beruhigenden, angstl\u00f6senden oder neuroprotektiven Eigenschaften.<\/p><p dir=\"ltr\">Im Vordergrund steht dabei ein Ansatz der Green Chemistry \u2013 also m\u00f6glichst nachhaltige, ressourcenschonende Methoden.<\/p>\t\t\t\t\t\t\t\t<\/div>\n\t\t\t\t<\/div>\n\t\t\t\t\t<\/div>\n\t\t<\/div>\n\t\t\t\t<div class=\"elementor-column elementor-col-50 elementor-top-column elementor-element elementor-element-b013e03\" data-id=\"b013e03\" data-element_type=\"column\" data-e-type=\"column\">\n\t\t\t<div class=\"elementor-widget-wrap elementor-element-populated\">\n\t\t\t\t\t\t<div class=\"elementor-element elementor-element-4fe871ff elementor-widget__width-initial elementor-widget elementor-widget-text-editor\" data-id=\"4fe871ff\" data-element_type=\"widget\" data-e-type=\"widget\" data-widget_type=\"text-editor.default\">\n\t\t\t\t<div class=\"elementor-widget-container\">\n\t\t\t\t\t\t\t\t\t<h4 dir=\"ltr\">\u00a0<\/h4><h3 dir=\"ltr\">Neuroimmunologisches Selbstmonitoring<\/h3><p dir=\"ltr\">Entwicklung von Protokollen und Datenstrukturen zur systematischen Erfassung und Analyse von Symptomen bei Erkrankungen wie ME\/CFS und MCAS.<\/p><p dir=\"ltr\">Langfristiges Ziel ist es, maschinenlesbare Datens\u00e4tze aufzubauen und eine Plattform f\u00fcr patientengetriebene Forschung zu schaffen.<\/p><h3 dir=\"ltr\">Exocortex \u2013 Big Data Visualisation &amp; Wissensnetzwerk<\/h3><p dir=\"ltr\">Ein weiteres zentrales Projekt ist der Aufbau eines Exocortex-Systems \u2013 einer Plattform, in die gro\u00dfe Datenmengen eingespeist und visuell aufbereitet werden k\u00f6nnen.<\/p><p dir=\"ltr\">Die Idee: Informationen aus Biologie, Medizin und Chemie \u2013 etwa Docking-Ergebnisse, Protein-Interaktionen oder klinische Daten \u2013 werden in einem interaktiven Wissensnetzwerk sichtbar gemacht.<\/p><p dir=\"ltr\">So lassen sich komplexe Zusammenh\u00e4nge zwischen Molek\u00fclen, Zellen und Organen leichter verstehen und erforschen.<\/p><h3 dir=\"ltr\">Das Exocortex-Projekt ist in zwei Bereiche aufgeteilt:<\/h3><p dir=\"ltr\">Big Data Visualisation: eine interaktive Darstellung von hochdimensionalen Daten, die Muster und Zusammenh\u00e4nge sichtbar macht.<\/p><p dir=\"ltr\">Docking-Visualisierung: eine spezialisierte Komponente, die Ergebnisse aus molekularem Docking und Wirkstoffscreening verst\u00e4ndlich und zug\u00e4nglich darstellt.<\/p><p dir=\"ltr\">Langfristiges Ziel ist ein erweiterbares Forschungswerkzeug, das nicht nur Wissenschaftlerinnen, sondern auch Patientinnen und unabh\u00e4ngigen Projekten erm\u00f6glicht, mit gro\u00dfen Datenmengen zu arbeiten und neue Hypothesen zu entwickeln.<\/p><p dir=\"ltr\">\u00a0<\/p><h5 dir=\"ltr\">SUPPORT NEEDED<\/h5><p dir=\"ltr\">Jeder Beitrag \u2013 auch ein kleiner \u2013 hilft, diese Projekt am Leben zu halten und unabh\u00e4ngig weiterzuf\u00fchren.\u00a0\u00a0<br \/>Bitte unterst\u00fctzt mich oder teilt diesen Aufruf\u00a0 <a href=\"https:\/\/fnd.us\/22brz7\">fnd.us\/22brz7.<\/a> Merci &lt;3<\/p>\t\t\t\t\t\t\t\t<\/div>\n\t\t\t\t<\/div>\n\t\t\t\t\t<\/div>\n\t\t<\/div>\n\t\t\t\t\t<\/div>\n\t\t<\/section>\n\t\t\t\t<\/div>\n\t\t","protected":false},"excerpt":{"rendered":"<p>xciting Update!I&#8217;am moving all research and details about my photonic neuromorphic processor to a dedicated page soon. Stay tuned\u2014early insights and behind-the-scenes glimpses will be available exclusively there. Pr\u00e9parez-vous: the future of computation is taking shape, and you can be among the first to see it. The Illuminator Website launch &#8211; soon! Photonischer neuromorpher Prozessor &#8230; <a title=\"Forschung\" class=\"read-more\" href=\"https:\/\/unordnung.net\/misc\/forschung\/\">Read more<span class=\"screen-reader-text\">Forschung<\/span><\/a><\/p>\n","protected":false},"author":1,"featured_media":0,"parent":0,"menu_order":0,"comment_status":"closed","ping_status":"closed","template":"elementor_theme","meta":{"footnotes":""},"class_list":["post-1771","page","type-page","status-publish"],"_links":{"self":[{"href":"https:\/\/unordnung.net\/misc\/wp-json\/wp\/v2\/pages\/1771","targetHints":{"allow":["GET"]}}],"collection":[{"href":"https:\/\/unordnung.net\/misc\/wp-json\/wp\/v2\/pages"}],"about":[{"href":"https:\/\/unordnung.net\/misc\/wp-json\/wp\/v2\/types\/page"}],"author":[{"embeddable":true,"href":"https:\/\/unordnung.net\/misc\/wp-json\/wp\/v2\/users\/1"}],"replies":[{"embeddable":true,"href":"https:\/\/unordnung.net\/misc\/wp-json\/wp\/v2\/comments?post=1771"}],"version-history":[{"count":51,"href":"https:\/\/unordnung.net\/misc\/wp-json\/wp\/v2\/pages\/1771\/revisions"}],"predecessor-version":[{"id":2303,"href":"https:\/\/unordnung.net\/misc\/wp-json\/wp\/v2\/pages\/1771\/revisions\/2303"}],"wp:attachment":[{"href":"https:\/\/unordnung.net\/misc\/wp-json\/wp\/v2\/media?parent=1771"}],"curies":[{"name":"wp","href":"https:\/\/api.w.org\/{rel}","templated":true}]}}